51, 1291
List the prime factors of 23680855.
5, 11, 557, 773
What are the prime factors of 20404446?
2, 3, 43, 79087
What are the prime factors of 2101064240?
2, 5, 11, 37, 173, 373
What are the prime factors of 39950799?
3, 7, 17, 47, 2381
List the prime factors of 593318506.
2, 11, 47, 573809
List the prime factors of 94633886.
2, 31, 367, 4159
List the prime factors of 208990619.
5849, 35731
List the prime factors of 316512008.
2, 39564001
What are the prime factors of 6413282975?
5, 11, 3413, 6833
List the prime factors of 2508095.
5, 17, 19, 1553
What are the prime factors of 1354661915?
5, 17, 1409, 11311
List the prime factors of 418931626.
2, 209465813
List the prime factors of 103667950.
2, 5, 2073359
What are the prime factors of 73572485?
5, 7, 151, 13921
What are the prime factors of 2767129015?
5, 7, 17, 4650637
List the prime factors of 117954677.
109, 1082153
What are the prime factors of 62398739?
13, 103, 46601
List the prime factors of 24811913.
7, 3544559
What are the prime factors of 197136633?
3, 65712211
List the prime factors of 826294076.
2, 206573519
What are the prime factors of 92013905?
5, 563, 32687
What are the prime factors of 255800375?
5, 31, 251, 263
What are the prime factors of 459486932?
2, 114871733
What are the prime factors of 3583764906?
2, 3, 719, 830729
List the prime factors of 1719245.
5, 11, 31259
List the prime factors of 47594097.
3, 5288233
List the prime factors of 639311593.
353, 1811081
List the prime factors of 996055449.
3, 17, 19, 967, 1063
List the prime factors of 212027801.
2753, 77017
List the prime factors of 4400952411.
3, 23, 5669, 11251
List the prime factors of 793431596.
2, 3631, 54629
What are the prime factors of 12928297?
12928297
List the prime factors of 1167272732.
2, 5227, 55829
List the prime factors of 617254333.
71, 829, 10487
List the prime factors of 170798035.
5, 34159607
List the prime factors of 160527511.
23, 67, 73, 1427
List the prime factors of 45507500.
2, 5, 109, 167
List the prime factors of 171365317.
89, 673, 2861
What are the prime factors of 125250289?
53, 2363213
List the prime factors of 1131324343.
1131324343
What are the prime factors of 101127300?
2, 3, 5, 337091
What are the prime factors of 333092657?
773, 430909
List the prime factors of 1376894817.
3, 152988313
List the prime factors of 317057528.
2, 39632191
What are the prime factors of 4139151?
3, 31, 44507
List the prime factors of 792594606.
2, 3, 132099101
What are the prime factors of 53565211?
7, 929, 8237
List the prime factors of 1145407075.
5, 167, 274349
List the prime factors of 628490614.
2, 314245307
What are the prime factors of 707002767?
3, 78555863
What are the prime factors of 204602893?
11, 1690933
List the prime factors of 1174316492.
2, 293579123
What are the prime factors of 1264232558?
2, 761, 830639
List the prime factors of 8706747.
3, 7, 414607
What are the prime factors of 3241403007?
3, 4751, 227419
List the prime factors of 41057645.
5, 23, 223, 1601
What are the prime factors of 1250273001?
3, 416757667
List the prime factors of 224003201.
73, 809, 3793
List the prime factors of 65426125.
5, 89, 5881
List the prime factors of 876796981.
17, 61, 109, 7757
What are the prime factors of 57905995?
5, 7, 17, 13903
List the prime factors of 81751407.
3, 23, 61, 19423
List the prime factors of 1085659313.
43, 1951, 12941
List the prime factors of 2489591517.
3, 7, 317, 373981
What are the prime factors of 908217309?
3, 19, 73, 167, 1307
What are the prime factors of 55507277?
7, 101, 78511
List the prime factors of 61490101.
449, 136949
What are the prime factors of 5707912535?
5, 13, 87814039
What are the prime factors of 88252105?
5, 3119, 5659
What are the prime factors of 1040984533?
1481, 702893
What are the prime factors of 1067407673?
4441, 240353
List the prime factors of 426605772.
2, 3, 71, 587, 853
List the prime factors of 27104580.
2, 3, 5, 23, 6547
What are the prime factors of 3012386866?
2, 23, 67, 977413
List the prime factors of 1288818875.
5, 17, 606503
What are the prime factors of 10287934?
2, 5143967
What are the prime factors of 3948388898?
2, 19, 103904971
What are the prime factors of 30689757?
3, 7, 167, 2917
List the prime factors of 370963756.
2, 139, 193, 3457
What are the prime factors of 205428322?
2, 11, 9337651
What are the prime factors of 2522397639?
3, 83, 113, 157, 571
What are the prime factors of 34190053?
5011, 6823
List the prime factors of 128766283.
83, 281, 5521
What are the prime factors of 153255052?
2, 38313763
List the prime factors of 132341110.
2, 5, 11, 1203101
What are the prime factors of 1817494992?
2, 3, 12621493
List the prime factors of 617704497.
3, 19, 3612307
List the prime factors of 1507595084.
2, 101, 1087, 3433
What are the prime factors of 420599709?
3, 1730863
List the prime factors of 2364156653.
97, 491, 49639
What are the prime factors of 297777985?
5, 59555597
What are the prime factors of 157664301?
3, 89, 367, 1609
What are the prime factors of 27589705?
5, 11, 13, 47, 821
What are the prime factors of 4179985665?
3, 5, 12703, 21937
List the prime factors of 94738185.
3, 5, 61, 34513
What are the prime factors of 2494493251?
313, 7969627
What are the prime factors of 66308558?
2, 29, 401, 2851
What are the prime factors of 647711695?
5, 129542339
What are the prime factors of 93179733?
3, 3209, 9679
List the prime factors of 108682661.
59, 1842079
What are the prime factors of 42835488?
2, 3, 41, 10883
What are the prime factors of 161863864?
2, 47, 547, 787
What are the prime factors of 1432396717?
359, 3989963
List the prime factors of 678638305.
5, 135727661
What are the prime factors of 91175594?
2, 29, 977, 1609
What are the prime factors of 688634037?
3, 7, 13, 840823
List the prime factors of 376566041.
3023, 124567
What are the prime factors of 268922478?
2, 3, 11, 79, 51577
List the prime factors of 303921410.
2, 5, 13, 17, 113, 1217
List the prime factors of 184513728.
2, 3, 7, 23, 47, 127
What are the prime factors of 71679221?
3527, 20323
List the prime factors of 2420165487.
3, 806721829
What are the prime factors of 358646972?
2, 53, 433, 3907
What are the prime factors of 21841851?
3, 7280617
What are the prime factors of 70038476?
2, 631, 27749
List the prime factors of 3245407.
11, 295037
What are the prime factors of 697967513?
743, 939391
List the prime factors of 150977996.
2, 13, 83, 34981
What are the prime factors of 1068698927?
3877, 275651
What are the prime factors of 697968993?
3, 232656331
What are the prime factors of 59572255?
5, 11914451
What are the prime factors of 1599626547?
3, 83, 2141401
List the prime factors of 2297767849.
13, 617, 286469
List the prime factors of 1208084059.
7, 13, 29, 59, 7759
What are the prime factors of 10885708?
2, 19, 43, 3331
List the prime factors of 1582669384.
2, 197833673
List the prime factors of 49129163.
49129163
What are the prime factors of 58321143?
3, 6480127
What are the prime factors of 331490757?
3, 13, 8499763
List the prime factors of 929960795.
5, 19, 137, 71453
List the prime factors of 738776646.
2, 3, 53, 293, 881
List the prime factors of 143530065.
3, 5, 7, 17, 547
What are the prime factors of 185542889?
7, 2791, 9497
List the prime factors of 165996521.
19, 8736659
What are the prime factors of 4270904?
2, 11, 48533
List the prime factors of 888975097.
19, 46788163
What are the prime factors of 197325987?
3, 17, 1423, 2719
What are the prime factors of 3601826133?
3, 67, 17919533
What are the prime factors of 35116152?
2, 3, 17, 86069
What are the prime factors of 591180172?
2, 11, 13435913
List the prime factors of 26705783.
13, 23, 89317
List the prime factors of 250580610.
2, 3, 5, 7, 56821
What are the prime factors of 4276868858?
2, 2138434429
List the prime factors of 131562467.
5147, 25561
List the prime factors of 99455930.
2, 5, 7, 73, 19463
List the prime factors of 1629424776.
2, 3, 7, 9698957
What are the prime factors of 155781859?
155781859
What are the prime factors of 39123779?
67, 583937
List the prime factors of 1819666449.
3, 202185161
List the prime factors of 38808390.
2, 3, 5, 1293613
List the prime factors of 325960739.
13, 25073903
List the prime factors of 62280805.
5, 37, 336653
List